t of 1324?
1
What is the thousands digit of 46329?
6
What is the units digit of 2359?
9
What is the thousands digit of 10813?
0
What is the hundreds digit of 4161?
1
What is the units digit of 7207?
7
What is the tens digit of 38574?
7
What is the hundreds digit of 176?
1
What is the tens digit of 1909?
0
What is the hundreds digit of 13786?
7
What is the units digit of 3533?
3
What is the units digit of 872?
2
What is the hundreds digit of 934?
9
What is the units digit of 8305?
5
What is the thousands digit of 1690?
1
What is the hundreds digit of 2537?
5
What is the thousands digit of 5724?
5
What is the hundreds digit of 4374?
3
What is the tens digit of 366?
6
What is the tens digit of 4413?
1
What is the tens digit of 705?
0
What is the units digit of 1916?
6
What is the tens digit of 9500?
0
What is the hundreds digit of 193?
1
What is the thousands digit of 8355?
8
What is the units digit of 516?
6
What is the hundreds digit of 1191?
1
What is the units digit of 4023?
3
What is the ten thousands digit of 40657?
4
What is the thousands digit of 9432?
9
What is the thousands digit of 15076?
5
What is the tens digit of 122511?
1
What is the thousands digit of 9182?
9
What is the thousands digit of 14610?
4
What is the hundreds digit of 315?
3
What is the thousands digit of 119362?
9
What is the hundreds digit of 711?
7
What is the hundreds digit of 2289?
2
What is the hundreds digit of 2777?
7
What is the tens digit of 56?
5
What is the units digit of 910?
0
What is the hundreds digit of 1000?
0
What is the hundreds digit of 20885?
8
What is the units digit of 284?
4
What is the thousands digit of 2172?
2
What is the thousands digit of 3389?
3
What is the tens digit of 2927?
2
What is the units digit of 149?
9
What is the tens digit of 555?
5
What is the hundreds digit of 11717?
7
What is the units digit of 4386?
6
What is the hundreds digit of 1273?
2
What is the units digit of 9248?
8
What is the units digit of 11543?
3
What is the units digit of 836?
6
What is the units digit of 560?
0
What is the thousands digit of 7451?
7
What is the hundreds digit of 345?
3
What is the units digit of 67550?
0
What is the units digit of 11167?
7
What is the hundreds digit of 1843?
8
What is the hundreds digit of 8217?
2
What is the thousands digit of 91875?
1
What is the hundreds digit of 19053?
0
What is the ten thousands digit of 10836?
1
What is the tens digit of 723?
2
What is the units digit of 1405?
5
What is the units digit of 25349?
9
What is the hundreds digit of 6703?
7
What is the thousands digit of 6335?
6
What is the units digit of 1156?
6
What is the hundreds digit of 8932?
9
What is the tens digit of 2230?
3
What is the tens digit of 818?
1
What is the tens digit of 749?
4
What is the units digit of 340?
0
What is the tens digit of 27699?
9
What is the hundreds digit of 217?
2
What is the thousands digit of 43307?
3
What is the hundreds digit of 2979?
9
What is the units digit of 1083?
3
What is the thousands digit of 10739?
0
What is the units digit of 134136?
6
What is the hundreds digit of 152?
1
What is the units digit of 1076?
6
What is the hundreds digit of 177415?
4
What is the units digit of 85458?
8
What is the hundreds digit of 34842?
8
What is the tens digit of 52396?
9
What is the thousands digit of 2386?
2
What is the tens digit of 663?
6
What is the hundreds digit of 71370?
3
What is the ten thousands digit of 23433?
2
What is the thousands digit of 9480?
9
What is the tens digit of 18121?
2
What is the units digit of 635?
5
What is the tens digit of 141800?
0
What is the hundreds digit of 14993?
9
What is the hundreds digit of 1836?
8
What is the ten thousands digit of 16377?
1
What is the tens digit of 602?
0
What is the tens digit of 3599?
9
What is the tens digit of 206?
0
What is the thousands digit of 4791?
4
What is the ten thousands digit of 11619?
1
What is the thousands digit of 90745?
0
What is the hundreds digit of 41913?
9
What is the hundreds digit of 32276?
2
What is the tens digit of 10245?
4
What is the ten thousands digit of 11498?
1
What is the units digit of 177?
7
What is the ten thousands digit of 19853?
1
What is the units digit of 291?
1
What is the thousands digit of 1645?
1
What is the hundreds digit of 21297?
2
What is the tens digit of 1695?
9
What is the thousands digit of 5569?
5
What is the ten thousands digit of 29851?
2
What is the thousands digit of 1656?
1
What is the units digit of 9727?
7
What is the ten thousands digit of 13186?
1
What is the hundreds digit of 38057?
0
What is the thousands digit of 1572?
1
What is the units digit of 53966?
6
What is the tens digit of 3318?
1
What is the units digit of 51045?
5
What is the hundreds digit of 1078?
0
What is the tens digit of 16398?
9
What is the tens digit of 73949?
4
What is the ten thousands digit of 79971?
7
What is the hundreds digit of 23422?
4
What is the units digit of 22705?
5
What is the thousands digit of 8752?
8
What is the hundreds digit of 441?
4
What is the hundreds digit of 21923?
9
What is the units digit of 95?
5
What is the units digit of 9702?
2
What is the hundreds digit of 8746?
7
What is the tens digit of 8508?
0
What is the units digit of 1133?
3
What is the thousands digit of 9879?
9
What is the tens digit of 659?
5
What is the units digit of 6850?
0
What is the thousands digit of 1004?
1
What is the ten thousands digit of 31762?
3
What is the thousands digit of 6286?
6
What is the tens digit of 556?
5
What is the tens digit of 510?
1
What is the thousands digit of 1176?
1
What is the tens digit of 1752?
5
What is the hundreds digit of 36028?
0
What is the hundreds digit of 752?
7
What is the tens digit of 644?
4
What is the thousands digit of 1269?
1
What is the hundreds digit of 36890?
8
What is the thousands digit of 30769?
0
What is the hundreds digit of 8164?
1
What is the units digit of 29748?
8
What is the thousands digit of 5083?
5
What is the tens digit of 4295?
9
What is the ten thousands digit of 10301?
1
What is the hundreds digit of 3767?
7
What is the tens digit of 6337?
3
What is the hundreds digit of 46723?
7
What is the units digit of 6978?
8
What is the hundreds digit of 1002?
0
What is the tens digit of 5904?
0
What is the tens digit of 5770?
7
What is the thousands digit of 8627?
8
What is the thousands digit of 108812?
8
What is the thousands digit of 39815?
9
What is the hundreds digit of 672?
6
What is the units digit of 18493?
3
What is the units digit of 1221?
1
What is the hundreds digit of 176?
1
What is the thousands digit of 6748?
6
What is the units digit of 231?
1
What is the hundreds digit of 162?
1
What is the tens digit of 861?
6
What is the thousands digit of 9435?
9
What is the tens digit of 488?
8
What is the hundreds digit of 2989?
9
What is the hundreds digit of 1289?
2
What is the thousands digit of 11395?
1
What is the units digit of 473?
3
What is the tens digit of 3398?
9
What is the tens digit of 326?
2
What is the units digit of 1550?
0
What is the units digit of 9263?
3
What is the hundreds digit of 106783?
7
What is the tens digit of 99427?
2
What is the tens digit of 1317?
1
What is the units digit of 458?
8
What is the units digit of 4445?
5
What is the hundreds digit of 1059?
0
What is the hundreds digit of 2214?
2
What is the hundreds digit of 1358?
3
What is the units digit of 9827?
7
What is the units digit of 3997?
7
What is the ten thousands digit of 69450?
6
What is the tens digit of 90616?
1
What is the tens digit of 80489?
8
What is the thousands digit of 2259?
2
What is the ten thousands digit of 17281?
1
What is the hundreds digit of 3055?
0
What is the thousands digit of 1074?
1
What is the units digit of 293?
3
What is the tens digit of 80317?
1
What is the units digit of 370?
0
What is the thousands digit of 14030?
4
What is the ten thousands digit of 35799?
3
What is the units digit of 3366?
6
What is the hundreds digit of 41799?
7
What is the thousands digit of 8026?
8
What is the thousands digit of 137230?
7
What is the units digit of 1009?
9
What is the units digit of 37973?
3
What is the hundreds digit of 24419?
4
What is the thousands digit of 1991?
1
What is the hundreds digit of 2649?
6
What is the hundreds digit of 5999?
9
What is the u